62965?
-62952
In base 16, what is -170 + -50?
-1c0
In base 8, what is -2 - -113471?
113467
In base 16, what is d5 + 38c6?
399b
In base 10, what is 3 - -33285?
33288
In base 5, what is -10 - 33043430?
-33043440
In base 15, what is 50 - 61e?
-5be
In base 15, what is -3 - 8242?
-8245
In base 11, what is 2 + -71457?
-71455
In base 14, what is 179d + 8?
17a7
In base 13, what is -20 + -7a1?
-7c1
In base 14, what is -3 - 4ad5?
-4ad8
In base 3, what is -111121120 - 11?
-111121201
In base 16, what is -4 - -1c5b2?
1c5ae
In base 7, what is -243 + 51645?
51402
In base 14, what is -1534a0 - 1?
-1534a1
In base 11, what is 3697166 + 3?
3697169
In base 15, what is -1c2 - -168?
-59
In base 9, what is -45243 - 6?
-45250
In base 9, what is 1277 + 57?
1345
In base 16, what is -20ee - 0?
-20ee
In base 12, what is -7 - 24454?
-2445b
In base 4, what is -13 - -101021220?
101021201
In base 6, what is -12 + -155434?
-155450
In base 15, what is 4 - -1d685?
1d689
In base 4, what is -21210223310 - -3?
-21210223301
In base 14, what is -3 - 14484?
-14487
In base 12, what is 8380 - -9?
8389
In base 3, what is -100212212 - -11?
-100212201
In base 11, what is -607144 - 5?
-607149
In base 2, what is -110101100 - 100101?
-111010001
In base 9, what is -4782757 - -5?
-4782752
In base 6, what is -30301 + -414?
-31115
In base 7, what is 1 - -35366?
35400
In base 13, what is 2c073 + 1?
2c074
In base 15, what is 35c + -e3?
269
In base 12, what is 2 + 16ab96?
16ab98
In base 10, what is 21 + -5966?
-5945
In base 3, what is 2020221120 + -12?
2020221101
In base 7, what is -1654 - 16164?
-21151
In base 14, what is -a9 - 2b31?
-2bda
In base 14, what is -2 + a221c?
a221a
In base 10, what is -13 - 8051?
-8064
In base 7, what is 206 + 6132?
6341
In base 3, what is -1122 - -1220102?
1211210
In base 9, what is -1242 - -110?
-1132
In base 15, what is -d0da + 3?
-d0d7
In base 6, what is -332 + -243?
-1015
In base 16, what is 24e80 - -9?
24e89
In base 11, what is -26 - 574?
-59a
In base 14, what is 2 - 1135?
-1133
In base 4, what is -3 + 2231021211?
2231021202
In base 5, what is 0 + 103423?
103423
In base 12, what is -141a6 + 6?
-141a0
In base 15, what is -9ee2 - 30?
-a022
In base 11, what is 14761 + 43?
147a4
In base 6, what is -11512 - -10032?
-1440
In base 2, what is -1100 - -110010101000?
110010011100
In base 10, what is 208 + -1646?
-1438
In base 10, what is -15604 + 1?
-15603
In base 2, what is 101010010 + -1011110111?
-110100101
In base 6, what is -5 + 130013?
130004
In base 16, what is -23 + 4f19?
4ef6
In base 2, what is 100 + -110010110001111010000?
-110010110001111001100
In base 12, what is -1a6 - 133b?
-1525
In base 11, what is -409a - -477?
-3723
In base 15, what is a5173 - -2?
a5175
In base 15, what is -3 - -e929?
e926
In base 10, what is -7 - 24537?
-24544
In base 10, what is -8013 - -190?
-7823
In base 8, what is -226 - -2012?
1564
In base 13, what is -4631 + 7?
-4627
In base 2, what is 1011101 - -1001100010100?
1001101110001
In base 16, what is -3 - -42c0e?
42c0b
In base 6, what is -2 + 1151504?
1151502
In base 6, what is 24 + -31323?
-31255
In base 13, what is 1b493 - -4?
1b497
In base 10, what is 3261 - 3?
3258
In base 9, what is -5 + -122380?
-122385
In base 5, what is -202013 + -20?
-202033
In base 9, what is -33 - 8554?
-8587
In base 12, what is -45 - a029?
-a072
In base 16, what is b9 - 9a?
1f
In base 12, what is -182 + 182a?
1668
In base 10, what is 443 - 2306?
-1863
In base 14, what is 4 + -cdc07?
-cdc03
In base 5, what is -2431 - -223?
-2203
In base 5, what is 3212 - -2233?
11000
In base 6, what is -2203 - -12?
-2151
In base 8, what is -20762 - 163?
-21145
In base 9, what is 41275 - -5?
41281
In base 13, what is 28 + -1066?
-103b
In base 6, what is -5 - 31450?
-31455
In base 3, what is 100 - -1022012021?
1022012121
In base 8, what is 14472 - -2?
14474
In base 9, what is 4173575 - -3?
4173578
In base 15, what is 46 + -352e?
-34d8
In base 2, what is 110100111011100000001 - 101?
110100111011011111100
In base 4, what is 0 - -33300132?
33300132
In base 11, what is -15546 - -136?
-15410
In base 9, what is -643821 + 2?
-643818
In base 11, what is 1 - -5430?
5431
In base 16, what is -8 + -467d?
-4685
In base 14, what is 6a + 1a2?
22c
In base 10, what is -4 + -92887?
-92891
In base 5, what is 44424 - 113?
44311
In base 16, what is 1b0c + 0?
1b0c
In base 4, what is 2022111 - -303?
2023020
In base 9, what is 1087 - 2603?
-1505
In base 11, what is 7663 - -14?
7677
In base 5, what is 11 - -200004224?
200004240
In base 14, what is 82ca2 - 5?
82c9b
In base 11, what is 128a70 - a?
128a61
In base 7, what is 6256 - -35?
6324
In base 14, what is 7 - -8b52?
8b59
In base 7, what is -216 + -163400?
-163616
In base 8, what is 3562523 + 7?
3562532
In base 2, what is 0 + 111110000101101?
111110000101101
In base 15, what is -41 - -13e8?
13a7
In base 2, what is -1101110001111 - 10110?
-1101110100101
In base 16, what is -100 - -c9?
-37
In base 8, what is -11 + 351304?
351273
In base 5, what is 3 - 111443?
-111440
In base 16, what is 71 - 49?
28
In base 2, what is -100 + -111100001101?
-111100010001
In base 5, what is 1 + 224442143?
224442144
In base 8, what is -644 + 236?
-406
In base 13, what is -15 + b9?
a4
In base 5, what is -4 + 11122?
11113
In base 9, what is 708 - -56?
765
In base 9, what is -264431 - -3?
-264427
In base 5, what is -21104 - 203?
-21312
In base 3, what is -11020 - 21002010?
-21020100
In base 3, what is 11221010 + 201?
11221211
In base 4, what is -13 + 111122210?
111122131
In base 3, what is 11211222 - 1112?
11210110
In base 3, what is 20010 + -2110201?
-2020121
In base 16, what is -27ff + -6?
-2805
In base 16, what is -26afe - 5?
-26b03
In base 16, what is 5 + 5faa4?
5faa9
In base 13, what is -2a46 + -4?
-2a4a
In base 8, what is 5 - 253355?
-253350
In base 5, what is -300 - 3?
-303
In base 16, what is 0 - -2fc?
2fc
In base 7, what is -163652 + 12?
-163640
In base 15, what is -6ea99 - 0?
-6ea99
In base 9, what is -5 + 11245?
11240
In base 9, what is 63116 - 6?
63110
In base 12, what is -61a + 7a?
-560
In base 7, what is 31 + -31532?
-31501
In base 10, what is -50964 + 10?
-50954
In base 8, what is 3457 - 17?
3440
In base 3, what is 2 + 1102220111110?
1102220111112
In base 9, what is -85347 + 5?
-85342
In base 15, what is 5 + -3b036?
-3b031
In base 15, what is -454d0 + -1?
-454d1
In base 9, what is -1306 + 351?
-845
In base 10, what is -7 - -36371?
36364
In base 8, what is 401 + 302?
703
In base 12, what is 821 - -66b?
1290
In base 5, what is -11143 + 112?
-11031
In base 15, what is 1aa - 3?
1a7
In base 2, what is -100 + 11010001000110?
11010001000010
In base 9, what is 5 - 26108?
-26103
In base 7, what is 20 - 4500530?
-4500510
In base 10, what is -65 + -56?
-121
In base 14, what is -226c09 - -3?
-226c06
In base 16, what is 3c80 + -4?
3c7c
In base 12, what is -60 - -14019?
13b79
In base 2, what is -11001110110 - 10?
-11001111000
In base 11, what is -3 - 6217?
-621a
In base 6, what is 0 + -1045105?
-1045105
In base 2, what is 110000011000 - -100000100?
110100011100
In base 4, what is -11 + -232332312?
-232332323
In base 10, what is 66 - -1540?
1606
In base 9, what is 37063 - 4?
37058
In base 5, what is 4 - -20132034?
20132043
In base 6, what is -342115513 - 4?
-342115521
In base 7, what is -2122 + -4?
-2126
In base 11, what is 202844 + 5?
202849
In base 7, what is -4 + -13561?
-13565
In base 7, what is 4406 + 15?
4424
In base 13, what is -2 - -7c72?
7c70
In base 10, what is 91209 + -2?
91207
In base 13, what is 1a2 + 3a?
20c
In base 13, what is -16c52 - 5?
-16c57
In base 3, what is -20121220 + -122?
-20122112
In base 12, what is -1234 + -2?
-1236
In base 14, what is -3a + 1a0?
164
In base 15, what is -679d - -a?
-6793
In base 2, what is -11110010100011 + 11111011?
-11101110101000
In base 11, what is 1 - -1157?
1158
In base 6, what is -200232014 + -3?
-200232021
In base 15, what is -5 + b3?
ad
In base 13, what is -53cc4 + 5?
-53cbc
In base 11, what is 385 + 920?
11a5
In base 11, what is -2 - 29063?
-29065
In base 9, what is -31606 + -2?
-31608
In base 9, what is -1 - -4745?
4744
In base 14, what is b3214 + -5?
b320d
In base 4, what is 111 + -2002223?
-2002112
In base 14, what is -4 + -1457b?
-14581
In base 6, what is 5 - -112244?
112253
In base 9, what is -2 + 558204?
558202
In